{"id":1727,"date":"2022-11-29T22:44:04","date_gmt":"2022-11-29T21:44:04","guid":{"rendered":"http:\/\/mefuxe.pl\/?page_id=1727"},"modified":"2025-04-26T18:58:28","modified_gmt":"2025-04-26T16:58:28","slug":"me90thanniversary","status":"publish","type":"page","link":"https:\/\/mefuxe.pl\/?page_id=1727","title":{"rendered":"me90thAnniversary"},"content":{"rendered":"\n<p>W dniach 25-26.11.2022r, w Nowym Targu, obchodzono Jubileusz istnienia klubu sportowego. Najlepszego w historii Polski, je\u015bli chodzi o hokej na lodzie.<\/p>\n\n\n\n<p>Jubilat ma ju\u017c 90 lat!!! Nie jest to moment aby wypomina\u0107, \u017ce Jubilat ledwo \u017cyje i do setki nie do\u017cyje. Le\u017cy wszystko i niech<a rel=\"noreferrer noopener\" href=\"https:\/\/podhale24.pl\/aktualnosci\/artykul\/87871\/FELIETON_quotReasumpcji_nie_bedziequot_zdj_z_gali_z_okazji_90lecia_klubu_Podhale_Nowy_Targ.html\" target=\"_blank\"> felieton Jacka Sowy<\/a> b\u0119dzie i moim komentarzem w tej sprawie.<\/p>\n\n\n\n<p>Dzi\u0119kuj\u0119:<\/p>\n\n\n\n<ul class=\"wp-block-list\">\n<li><a href=\"https:\/\/podhale24.pl\/aktualnosci\/artykul\/87826\/Gabriel_Wolski_Historia_nowotarskiego_klubu_jest_fascynujaca_zdjecia.html\" target=\"_blank\" rel=\"noreferrer noopener\">Gabrysiowi Wolskiemu za wystaw\u0119<\/a>.<\/li>\n<\/ul>\n\n\n\n<p>Tak. Szarotka powsta\u0142a w domu mojego dziadka. Tw\u00f3rcami by\u0142a siostra mojego Ojca, Hanna vel Krystyna Fuchs i jej p\u00f3\u017aniejszy m\u0105\u017c, Leszek Wi\u0119cek.<\/p>\n\n\n\n<ul class=\"wp-block-list\">\n<li><a rel=\"noreferrer noopener\" href=\"https:\/\/pl-pl.facebook.com\/winterclassic.nowytarg\/\" target=\"_blank\">Ma\u0107kowi Leskiemu i WinterClassic <\/a>oraz Krzy\u015bkowi \u0141apsie ( Dyrektor Miejskiego Centrum Sportu) za mural.<\/li>\n<\/ul>\n\n\n\n<figure class=\"wp-block-gallery has-nested-images columns-default is-cropped wp-block-gallery-1 is-layout-flex wp-block-gallery-is-layout-flex\">\n<figure class=\"wp-block-image size-large\"><a href=\"https:\/\/mefuxe.pl\/wp-content\/uploads\/2022\/11\/20221126_101723-scaled.jpg\"><img fetchpriority=\"high\" decoding=\"async\" width=\"1024\" height=\"462\" data-id=\"1735\" src=\"https:\/\/mefuxe.pl\/wp-content\/uploads\/2022\/11\/20221126_101723-1024x462.jpg\" alt=\"\" class=\"wp-image-1735\" srcset=\"https:\/\/mefuxe.pl\/wp-content\/uploads\/2022\/11\/20221126_101723-1024x462.jpg 1024w, https:\/\/mefuxe.pl\/wp-content\/uploads\/2022\/11\/20221126_101723-300x135.jpg 300w, https:\/\/mefuxe.pl\/wp-content\/uploads\/2022\/11\/20221126_101723-768x346.jpg 768w, https:\/\/mefuxe.pl\/wp-content\/uploads\/2022\/11\/20221126_101723-1536x692.jpg 1536w, https:\/\/mefuxe.pl\/wp-content\/uploads\/2022\/11\/20221126_101723-2048x923.jpg 2048w\" sizes=\"(max-width: 1024px) 100vw, 1024px\" \/><\/a><\/figure>\n\n\n\n<figure class=\"wp-block-image size-large\"><a href=\"https:\/\/mefuxe.pl\/wp-content\/uploads\/2022\/11\/20221126_101759-1-scaled.jpg\"><img decoding=\"async\" width=\"1024\" height=\"462\" data-id=\"1746\" src=\"https:\/\/mefuxe.pl\/wp-content\/uploads\/2022\/11\/20221126_101759-1-1024x462.jpg\" alt=\"\" class=\"wp-image-1746\" srcset=\"https:\/\/mefuxe.pl\/wp-content\/uploads\/2022\/11\/20221126_101759-1-1024x462.jpg 1024w, https:\/\/mefuxe.pl\/wp-content\/uploads\/2022\/11\/20221126_101759-1-300x135.jpg 300w, https:\/\/mefuxe.pl\/wp-content\/uploads\/2022\/11\/20221126_101759-1-768x346.jpg 768w, https:\/\/mefuxe.pl\/wp-content\/uploads\/2022\/11\/20221126_101759-1-1536x692.jpg 1536w, https:\/\/mefuxe.pl\/wp-content\/uploads\/2022\/11\/20221126_101759-1-2048x923.jpg 2048w\" sizes=\"(max-width: 1024px) 100vw, 1024px\" \/><\/a><\/figure>\n\n\n\n<figure class=\"wp-block-image size-large\"><a href=\"https:\/\/mefuxe.pl\/wp-content\/uploads\/2022\/11\/20221126_101738-1-scaled.jpg\"><img decoding=\"async\" width=\"1024\" height=\"462\" data-id=\"1745\" src=\"https:\/\/mefuxe.pl\/wp-content\/uploads\/2022\/11\/20221126_101738-1-1024x462.jpg\" alt=\"\" class=\"wp-image-1745\" srcset=\"https:\/\/mefuxe.pl\/wp-content\/uploads\/2022\/11\/20221126_101738-1-1024x462.jpg 1024w, https:\/\/mefuxe.pl\/wp-content\/uploads\/2022\/11\/20221126_101738-1-300x135.jpg 300w, https:\/\/mefuxe.pl\/wp-content\/uploads\/2022\/11\/20221126_101738-1-768x346.jpg 768w, https:\/\/mefuxe.pl\/wp-content\/uploads\/2022\/11\/20221126_101738-1-1536x692.jpg 1536w, https:\/\/mefuxe.pl\/wp-content\/uploads\/2022\/11\/20221126_101738-1-2048x923.jpg 2048w\" sizes=\"(max-width: 1024px) 100vw, 1024px\" \/><\/a><\/figure>\n\n\n\n<figure class=\"wp-block-image size-large\"><a href=\"https:\/\/mefuxe.pl\/wp-content\/uploads\/2022\/11\/20221126_101702-scaled.jpg\"><img loading=\"lazy\" decoding=\"async\" width=\"1024\" height=\"462\" data-id=\"1736\" src=\"https:\/\/mefuxe.pl\/wp-content\/uploads\/2022\/11\/20221126_101702-1024x462.jpg\" alt=\"\" class=\"wp-image-1736\" srcset=\"https:\/\/mefuxe.pl\/wp-content\/uploads\/2022\/11\/20221126_101702-1024x462.jpg 1024w, https:\/\/mefuxe.pl\/wp-content\/uploads\/2022\/11\/20221126_101702-300x135.jpg 300w, https:\/\/mefuxe.pl\/wp-content\/uploads\/2022\/11\/20221126_101702-768x346.jpg 768w, https:\/\/mefuxe.pl\/wp-content\/uploads\/2022\/11\/20221126_101702-1536x692.jpg 1536w, https:\/\/mefuxe.pl\/wp-content\/uploads\/2022\/11\/20221126_101702-2048x923.jpg 2048w\" sizes=\"(max-width: 1024px) 100vw, 1024px\" \/><\/a><\/figure>\n\n\n\n<figure class=\"wp-block-image size-large\"><a href=\"https:\/\/mefuxe.pl\/wp-content\/uploads\/2022\/11\/20221126_101710-scaled.jpg\"><img loading=\"lazy\" decoding=\"async\" width=\"1024\" height=\"462\" data-id=\"1739\" src=\"https:\/\/mefuxe.pl\/wp-content\/uploads\/2022\/11\/20221126_101710-1024x462.jpg\" alt=\"\" class=\"wp-image-1739\" srcset=\"https:\/\/mefuxe.pl\/wp-content\/uploads\/2022\/11\/20221126_101710-1024x462.jpg 1024w, https:\/\/mefuxe.pl\/wp-content\/uploads\/2022\/11\/20221126_101710-300x135.jpg 300w, https:\/\/mefuxe.pl\/wp-content\/uploads\/2022\/11\/20221126_101710-768x346.jpg 768w, https:\/\/mefuxe.pl\/wp-content\/uploads\/2022\/11\/20221126_101710-1536x692.jpg 1536w, https:\/\/mefuxe.pl\/wp-content\/uploads\/2022\/11\/20221126_101710-2048x923.jpg 2048w\" sizes=\"(max-width: 1024px) 100vw, 1024px\" \/><\/a><\/figure>\n\n\n\n<figure class=\"wp-block-image size-large\"><a href=\"https:\/\/mefuxe.pl\/wp-content\/uploads\/2022\/11\/20221126_1018190-1-scaled.jpg\"><img loading=\"lazy\" decoding=\"async\" width=\"1024\" height=\"462\" data-id=\"1747\" src=\"https:\/\/mefuxe.pl\/wp-content\/uploads\/2022\/11\/20221126_1018190-1-1024x462.jpg\" alt=\"\" class=\"wp-image-1747\" srcset=\"https:\/\/mefuxe.pl\/wp-content\/uploads\/2022\/11\/20221126_1018190-1-1024x462.jpg 1024w, https:\/\/mefuxe.pl\/wp-content\/uploads\/2022\/11\/20221126_1018190-1-300x135.jpg 300w, https:\/\/mefuxe.pl\/wp-content\/uploads\/2022\/11\/20221126_1018190-1-768x346.jpg 768w, https:\/\/mefuxe.pl\/wp-content\/uploads\/2022\/11\/20221126_1018190-1-1536x692.jpg 1536w, https:\/\/mefuxe.pl\/wp-content\/uploads\/2022\/11\/20221126_1018190-1-2048x923.jpg 2048w\" sizes=\"(max-width: 1024px) 100vw, 1024px\" \/><\/a><\/figure>\n\n\n\n<figure class=\"wp-block-image size-large\"><img loading=\"lazy\" decoding=\"async\" width=\"1024\" height=\"462\" data-id=\"1744\" src=\"https:\/\/mefuxe.pl\/wp-content\/uploads\/2022\/11\/20221126_104610-1024x462.jpg\" alt=\"\" class=\"wp-image-1744\" srcset=\"https:\/\/mefuxe.pl\/wp-content\/uploads\/2022\/11\/20221126_104610-1024x462.jpg 1024w, https:\/\/mefuxe.pl\/wp-content\/uploads\/2022\/11\/20221126_104610-300x135.jpg 300w, https:\/\/mefuxe.pl\/wp-content\/uploads\/2022\/11\/20221126_104610-768x346.jpg 768w, https:\/\/mefuxe.pl\/wp-content\/uploads\/2022\/11\/20221126_104610-1536x692.jpg 1536w, https:\/\/mefuxe.pl\/wp-content\/uploads\/2022\/11\/20221126_104610-2048x923.jpg 2048w\" sizes=\"(max-width: 1024px) 100vw, 1024px\" \/><\/figure>\n<\/figure>\n\n\n\n<ul class=\"wp-block-list\">\n<li><a rel=\"noreferrer noopener\" href=\"https:\/\/pl.wikipedia.org\/wiki\/Jacek_Szopi%C5%84ski\" target=\"_blank\">Jackowi Szopi\u0144skiemu<\/a> za prezent dla Ojca. Klub nie pami\u0119ta\u0142 \ud83d\ude41<\/li>\n<\/ul>\n\n\n<div class=\"wp-block-image\">\n<figure class=\"aligncenter size-full\"><img loading=\"lazy\" decoding=\"async\" width=\"360\" height=\"480\" src=\"https:\/\/mefuxe.pl\/wp-content\/uploads\/2022\/11\/Bez-nazwy.jpg\" alt=\"\" class=\"wp-image-1734\" srcset=\"https:\/\/mefuxe.pl\/wp-content\/uploads\/2022\/11\/Bez-nazwy.jpg 360w, https:\/\/mefuxe.pl\/wp-content\/uploads\/2022\/11\/Bez-nazwy-225x300.jpg 225w\" sizes=\"(max-width: 360px) 100vw, 360px\" \/><\/figure>\n<\/div>\n\n\n<p><\/p>\n\n\n\n<p>Poni\u017cej wpisy, zamieszczone u Wojtka Rajskiego (<a href=\"https:\/\/podhale24.pl\/\" target=\"_blank\" rel=\"noreferrer noopener\">Podhale24.pl<\/a>), pi\u00f3ra Jacka Sowy, wspominaj\u0105ce o <a href=\"https:\/\/mefuxe.pl\/?page_id=99\" data-type=\"page\" data-id=\"99\">Augustynie Fuchsie<\/a> i <a href=\"https:\/\/mefuxe.pl\/?page_id=1048\" data-type=\"page\" data-id=\"1048\">Janinie Szubi\u0144skiej (p\u00f3\u017aniejszej \u017conie Augustyna)<\/a>:<\/p>\n\n\n\n<p><a href=\"https:\/\/podhale24.pl\/aktualnosci\/artykul\/87729\/Szarotki_kwitna_na_lodzie_Poczatki_na_kartach_historii.html\" target=\"_blank\" rel=\"noreferrer noopener\">Szarotki kwitn\u0105 na lodzie. Pocz\u0105tki na kartach historii.<\/a><\/p>\n\n\n\n<p><a href=\"https:\/\/podhale24.pl\/aktualnosci\/artykul\/87775\/Szarotki_kwitna_na_lodzie_Ludzie_ktorych_trudno_zastapic_.html\" target=\"_blank\" rel=\"noreferrer noopener\">Szarotki kwitn\u0105 na lodzie. Ludzie, kt\u00f3rych trudno zast\u0105pi\u0107.<\/a><\/p>\n\n\n\n<p><\/p>\n\n\n\n<p><\/p>\n\n\n\n<p><\/p>\n","protected":false},"excerpt":{"rendered":"<p>W dniach 25-26.11.2022r, w Nowym Targu, obchodzono Jubileusz istnienia klubu sportowego. Najlepszego w historii Polski, je\u015bli chodzi o hokej na lodzie. Jubilat ma ju\u017c 90 lat!!! Nie jest to moment aby wypomina\u0107, \u017ce Jubilat ledwo \u017cyje i do setki nie &hellip; <a href=\"https:\/\/mefuxe.pl\/?page_id=1727\">Czytaj dalej <span class=\"meta-nav\">&rarr;<\/span><\/a><\/p>\n","protected":false},"author":2,"featured_media":0,"parent":0,"menu_order":0,"comment_status":"closed","ping_status":"closed","template":"","meta":{"footnotes":""},"class_list":["post-1727","page","type-page","status-publish","hentry"],"_links":{"self":[{"href":"https:\/\/mefuxe.pl\/index.php?rest_route=\/wp\/v2\/pages\/1727","targetHints":{"allow":["GET"]}}],"collection":[{"href":"https:\/\/mefuxe.pl\/index.php?rest_route=\/wp\/v2\/pages"}],"about":[{"href":"https:\/\/mefuxe.pl\/index.php?rest_route=\/wp\/v2\/types\/page"}],"author":[{"embeddable":true,"href":"https:\/\/mefuxe.pl\/index.php?rest_route=\/wp\/v2\/users\/2"}],"replies":[{"embeddable":true,"href":"https:\/\/mefuxe.pl\/index.php?rest_route=%2Fwp%2Fv2%2Fcomments&post=1727"}],"version-history":[{"count":11,"href":"https:\/\/mefuxe.pl\/index.php?rest_route=\/wp\/v2\/pages\/1727\/revisions"}],"predecessor-version":[{"id":2119,"href":"https:\/\/mefuxe.pl\/index.php?rest_route=\/wp\/v2\/pages\/1727\/revisions\/2119"}],"wp:attachment":[{"href":"https:\/\/mefuxe.pl\/index.php?rest_route=%2Fwp%2Fv2%2Fmedia&parent=1727"}],"curies":[{"name":"wp","href":"https:\/\/api.w.org\/{rel}","templated":true}]}}