{"id":141,"date":"2019-06-04T23:57:14","date_gmt":"2019-06-04T21:57:14","guid":{"rendered":"http:\/\/mefuxe.pl\/?page_id=141"},"modified":"2026-01-04T23:13:35","modified_gmt":"2026-01-04T22:13:35","slug":"mepaul","status":"publish","type":"page","link":"https:\/\/mefuxe.pl\/?page_id=141","title":{"rendered":"mePaul"},"content":{"rendered":"<table width=\"100%\">\n<tbody>\n<tr>\n<td width=\"16%\"><img fetchpriority=\"high\" decoding=\"async\" class=\"alignnone size-medium wp-image-242\" src=\"https:\/\/mefuxe.pl\/wp-content\/uploads\/2019\/06\/0003_a-190x300.jpg\" alt=\"\" width=\"190\" height=\"300\" srcset=\"https:\/\/mefuxe.pl\/wp-content\/uploads\/2019\/06\/0003_a-190x300.jpg 190w, https:\/\/mefuxe.pl\/wp-content\/uploads\/2019\/06\/0003_a.jpg 515w\" sizes=\"(max-width: 190px) 100vw, 190px\" \/><\/td>\n<td width=\"83%\">\n<p style=\"text-align: center;\"><strong>Paul Lonczig<\/strong><\/p>\n<\/td>\n<\/tr>\n<tr>\n<td width=\"16%\"><\/td>\n<td width=\"83%\"><\/td>\n<\/tr>\n<tr>\n<td width=\"16%\">Daty<\/td>\n<td width=\"83%\">1842-1909<\/td>\n<\/tr>\n<tr>\n<td width=\"16%\">Zaw\u00f3d<\/td>\n<td width=\"83%\">Dzier\u017cawca kr\u00f3lewskich d\u00f3br w Bijasowicach. Naczelnik urz\u0119du tam\u017ce.<\/td>\n<\/tr>\n<tr>\n<td width=\"16%\">Biografia<\/td>\n<td width=\"83%\">Syn Johanny Lonczig, c\u00f3rki Frantza Loncziga (dyrektora szko\u0142y w Rybniku) oraz Anny de domo Frey.<\/p>\n<p>Dzier\u017cawca d\u00f3br w Bijasowicach w latach 1877-1909.<\/p>\n<p>Fundator krzy\u017ca w Bijasowicach w 1887.<\/p>\n<p>Fundator pomnika Bismarcka we Wroc\u0142awiu w 1897.<\/p>\n<p>M\u0105\u017c J\u00f3zefy Anny Lonczig (de domo Kirstein). Ojcem J\u00f3zefy by\u0142 <a href=\"https:\/\/mefuxe.pl\/?page_id=135\">Johann Kirstein<\/a>, budowniczy m.in <a href=\"https:\/\/pl.wikipedia.org\/wiki\/Katedra_w_Kolonii\" target=\"_blank\" rel=\"noopener noreferrer\">Katedry w Kolonii<\/a>.<\/p>\n<p>Ojciec mojej prababci Marty Lonczig.<\/p>\n<p>M\u00f3j 2xpradziadek.<\/td>\n<\/tr>\n<tr>\n<td width=\"16%\">Ciekawe linki<\/td>\n<td width=\"83%\">\u00b7&nbsp;&nbsp;&nbsp;&nbsp;&nbsp;&nbsp; <a href=\"http:\/\/www.bierun-nspj.katowice.opoka.org.pl\/index.php\/2-uncategorised\" target=\"_blank\" rel=\"noopener noreferrer\">www.bierun-nspj.katowice.opoka.org.pl\/index.php\/2-uncategorised<\/a><\/p>\n<p>\u00b7&nbsp;&nbsp;&nbsp;&nbsp;&nbsp;&nbsp; <a href=\"http:\/\/www.monio.info\/2009\/07\/26\/16-bierun-stary-kosciol-sw-walentego\/\" target=\"_blank\" rel=\"noopener noreferrer\">http:\/\/www.monio.info\/2009\/07\/26\/16-bierun-stary-kosciol-sw-walentego\/<\/a><\/p>\n<p>\u00b7&nbsp;&nbsp;&nbsp;&nbsp;&nbsp;&nbsp; <a href=\"https:\/\/www.bierun.pl\/download\/Z12,1273.pdf\" target=\"_blank\" rel=\"noopener noreferrer\">https:\/\/www.bierun.pl\/download\/Z12,1273.pdf<\/a><\/p>\n<p>\u00b7&nbsp;&nbsp;&nbsp;&nbsp;&nbsp;&nbsp; <a href=\"http:\/\/www.bierun.pl\/download\/12.pdf\" target=\"_blank\" rel=\"noopener noreferrer\">www.bierun.pl\/download\/12.pdf<\/a><\/p>\n<p>\u00b7&nbsp;&nbsp;&nbsp;&nbsp;&nbsp;&nbsp; <a href=\"https:\/\/silesia.edu.pl\/index.php?title=Krzy%C5%BCe_przydro%C5%BCne_w_Bieruniu_Nowym\" target=\"_blank\" rel=\"noopener noreferrer\">https:\/\/silesia.edu.pl\/index.php?title=Krzy%C5%BCe_przydro%C5%BCne_w_Bieruniu_Nowym<\/a><\/td>\n<\/tr>\n<\/tbody>\n<\/table>\n","protected":false},"excerpt":{"rendered":"<p>Paul Lonczig Daty 1842-1909 Zaw\u00f3d Dzier\u017cawca kr\u00f3lewskich d\u00f3br w Bijasowicach. Naczelnik urz\u0119du tam\u017ce. Biografia Syn Johanny Lonczig, c\u00f3rki Frantza Loncziga (dyrektora szko\u0142y w Rybniku) oraz Anny de domo Frey. Dzier\u017cawca d\u00f3br w Bijasowicach w latach 1877-1909. Fundator krzy\u017ca w Bijasowicach &hellip; <a href=\"https:\/\/mefuxe.pl\/?page_id=141\">Czytaj dalej <span class=\"meta-nav\">&rarr;<\/span><\/a><\/p>\n","protected":false},"author":2,"featured_media":0,"parent":0,"menu_order":0,"comment_status":"closed","ping_status":"closed","template":"","meta":{"footnotes":""},"class_list":["post-141","page","type-page","status-publish","hentry"],"_links":{"self":[{"href":"https:\/\/mefuxe.pl\/index.php?rest_route=\/wp\/v2\/pages\/141","targetHints":{"allow":["GET"]}}],"collection":[{"href":"https:\/\/mefuxe.pl\/index.php?rest_route=\/wp\/v2\/pages"}],"about":[{"href":"https:\/\/mefuxe.pl\/index.php?rest_route=\/wp\/v2\/types\/page"}],"author":[{"embeddable":true,"href":"https:\/\/mefuxe.pl\/index.php?rest_route=\/wp\/v2\/users\/2"}],"replies":[{"embeddable":true,"href":"https:\/\/mefuxe.pl\/index.php?rest_route=%2Fwp%2Fv2%2Fcomments&post=141"}],"version-history":[{"count":14,"href":"https:\/\/mefuxe.pl\/index.php?rest_route=\/wp\/v2\/pages\/141\/revisions"}],"predecessor-version":[{"id":1178,"href":"https:\/\/mefuxe.pl\/index.php?rest_route=\/wp\/v2\/pages\/141\/revisions\/1178"}],"wp:attachment":[{"href":"https:\/\/mefuxe.pl\/index.php?rest_route=%2Fwp%2Fv2%2Fmedia&parent=141"}],"curies":[{"name":"wp","href":"https:\/\/api.w.org\/{rel}","templated":true}]}}